alculate the remainder when 60474 is divided by 30234.
6
Calculate the remainder when 565 is divided by 181.
22
What is the remainder when 5292 is divided by 13?
1
What is the remainder when 223770 is divided by 14917?
15
What is the remainder when 59811 is divided by 879?
39
What is the remainder when 631 is divided by 188?
67
What is the remainder when 76118 is divided by 29?
22
What is the remainder when 457 is divided by 139?
40
Calculate the remainder when 1622 is divided by 111.
68
Calculate the remainder when 5670 is divided by 567.
0
What is the remainder when 146919 is divided by 465?
444
Calculate the remainder when 9210471 is divided by 39.
36
What is the remainder when 98 is divided by 76?
22
Calculate the remainder when 659702 is divided by 113.
8
Calculate the remainder when 55171 is divided by 1576.
11
Calculate the remainder when 90548 is divided by 10.
8
Calculate the remainder when 4257 is divided by 882.
729
Calculate the remainder when 39981 is divided by 7988.
41
What is the remainder when 3407 is divided by 177?
44
What is the remainder when 19861 is divided by 19846?
15
What is the remainder when 8986 is divided by 180?
166
Calculate the remainder when 873683 is divided by 14808.
11
Calculate the remainder when 131846 is divided by 71.
70
What is the remainder when 105685 is divided by 204?
13
What is the remainder when 4338 is divided by 336?
306
Calculate the remainder when 94196 is divided by 200.
196
What is the remainder when 303 is divided by 272?
31
What is the remainder when 109254 is divided by 278?
0
Calculate the remainder when 1297 is divided by 17.
5
Calculate the remainder when 905 is divided by 332.
241
Calculate the remainder when 21353 is divided by 104.
33
What is the remainder when 16346 is divided by 20?
6
Calculate the remainder when 24548 is divided by 24502.
46
Calculate the remainder when 7186 is divided by 7120.
66
Calculate the remainder when 3410 is divided by 1135.
5
Calculate the remainder when 25196 is divided by 252.
248
What is the remainder when 1180166 is divided by 270?
266
Calculate the remainder when 7944 is divided by 117.
105
Calculate the remainder when 4583 is divided by 57.
23
What is the remainder when 1884078 is divided by 209342?
0
Calculate the remainder when 17032 is divided by 1471.
851
What is the remainder when 498019 is divided by 16065?
4
Calculate the remainder when 11584 is divided by 144.
64
Calculate the remainder when 5865 is divided by 25.
15
What is the remainder when 6579 is divided by 12?
3
What is the remainder when 11128 is divided by 11108?
20
What is the remainder when 44395 is divided by 40?
35
What is the remainder when 2439 is divided by 12?
3
What is the remainder when 17638 is divided by 821?
397
What is the remainder when 34747 is divided by 1158?
7
Calculate the remainder when 16508 is divided by 4127.
0
What is the remainder when 33760 is divided by 4218?
16
Calculate the remainder when 522 is divided by 93.
57
What is the remainder when 8401 is divided by 216?
193
Calculate the remainder when 18954 is divided by 3255.
2679
Calculate the remainder when 5329 is divided by 5322.
7
Calculate the remainder when 27815 is divided by 1750.
1565
What is the remainder when 18670 is divided by 28?
22
Calculate the remainder when 5736 is divided by 1909.
9
Calculate the remainder when 22714 is divided by 782.
36
What is the remainder when 2013 is divided by 594?
231
Calculate the remainder when 177674 is divided by 29.
20
Calculate the remainder when 380800 is divided by 246.
238
Calculate the remainder when 188028 is divided by 14.
8
Calculate the remainder when 11025 is divided by 407.
36
What is the remainder when 7233 is divided by 7228?
5
What is the remainder when 3072 is divided by 80?
32
What is the remainder when 65214 is divided by 19?
6
What is the remainder when 25070 is divided by 27?
14
Calculate the remainder when 19721 is divided by 315.
191
Calculate the remainder when 760 is divided by 713.
47
Calculate the remainder when 259242 is divided by 21.
18
What is the remainder when 403783 is divided by 418?
413
What is the remainder when 11736 is divided by 206?
200
What is the remainder when 4036 is divided by 404?
400
Calculate the remainder when 205923 is divided by 1548.
39
What is the remainder when 197157 is divided by 917?
2
What is the remainder when 40318 is divided by 3?
1
What is the remainder when 115687 is divided by 269?
17
What is the remainder when 324708 is divided by 362?
356
What is the remainder when 4814 is divided by 1578?
80
Calculate the remainder when 4939 is divided by 29.
9
Calculate the remainder when 14829 is divided by 401.
393
What is the remainder when 2520 is divided by 252?
0
What is the remainder when 69230 is divided by 100?
30
What is the remainder when 47851 is divided by 60?
31
Calculate the remainder when 541801 is divided by 157.
151
What is the remainder when 13553 is divided by 407?
122
What is the remainder when 289 is divided by 70?
9
What is the remainder when 6837 is divided by 42?
33
What is the remainder when 146457 is divided by 135?
117
What is the remainder when 16745 is divided by 128?
105
What is the remainder when 7807 is divided by 51?
4
What is the remainder when 8687 is divided by 965?
2
What is the remainder when 17560 is divided by 979?
917
What is the remainder when 5290 is divided by 658?
26
What is the remainder when 2787899 is divided by 2391?
2384
What is the remainder when 165711 is divided by 41?
30
Calculate the remainder when 6144 is divided by 231.
138
Calculate the remainder when 26044 is divided by 6504.
28
Calculate the remainder when 9431 is divided by 26.
19
What is the remainder when 10933 is divided by 1366?
5
What is the remainder when 5637 is divided by 1073?
272
What is the remainder when 154844 is divided by 100?
44
Calculate the remainder when 17644 is divided by 72.
4
What is the remainder when 37317 is divided by 84?
21
What is the remainder when 914387 is divided by 122?
119
Calculate the remainder when 120658 is divided by 15082.
2
What is the remainder when 1708671 is divided by 113?
111
What is the remainder when 3378 is divided by 6?
0
What is the remainder when 2939 is divided by 37?
16
What is the remainder when 5371 is divided by 1059?
76
Calculate the remainder when 4740 is divided by 1046.
556
Calculate the remainder when 797 is divided by 126.
41
Calculate the remainder when 169458 is divided by 843.
15
What is the remainder when 87745 is divided by 38?
3
What is the remainder when 4294 is divided by 228?
190
What is the remainder when 135808 is divided by 3880?
8
Calculate the remainder when 40022 is divided by 4440.
62
Calculate the remainder when 35331 is divided by 5872.
99
What is the remainder when 5113 is divided by 1223?
221
What is the remainder when 11591 is divided by 5788?
15
Calculate the remainder when 63203 is divided by 384.
227
Calculate the remainder when 22415 is divided by 159.
155
What is the remainder when 4327 is divided by 305?
57
Calculate the remainder when 13912 is divided by 4631.
19
Calculate the remainder when 5710 is divided by 238.
236
What is the remainder when 152374 is divided by 85?
54
What is the remainder when 2023 is divided by 533?
424
What is the remainder when 261960 is divided by 28?
20
What is the remainder when 12197 is divided by 818?
745
Calculate the remainder when 578026 is divided by 302.
300
What is the remainder when 138873 is divided by 22?
9
What is the remainder when 315716 is divided by 39460?
36
Calculate the remainder when 88883 is divided by 2867.
6
What is the remainder when 7450 is divided by 549?
313
What is the remainder when 4975 is divided by 1649?
28
Calculate the remainder when 37084 is divided by 348.
196
What is the remainder when 7324 is divided by 294?
268
What is the remainder when 28942 is divided by 41?
37
Calculate the remainder when 20732 is divided by 57.
41
What is the remainder when 2495 is divided by 778?
161
Calculate the remainder when 8452 is divided by 2668.
448
Calculate the remainder when 2067 is divided by 510.
27
Calculate the remainder when 518230 is divided by 518221.
9
Calculate the remainder when 472838 is divided by 78804.
14
Calculate the remainder when 5107